{"id":59,"date":"2021-10-01T13:34:57","date_gmt":"2021-10-01T13:34:57","guid":{"rendered":"https:\/\/www.aggboden.fi\/?page_id=59"},"modified":"2021-10-01T13:38:01","modified_gmt":"2021-10-01T13:38:01","slug":"vad-ar-aggboden","status":"publish","type":"page","link":"https:\/\/www.aggboden.fi\/","title":{"rendered":"Vad \u00e4r \u00c4GGBODEN?"},"content":{"rendered":"\n<p>Hur fungerar det?<\/p>\n\n\n\n<p>\u00c4ggoden \u00e4r en obemannad kiosk d\u00e4r du betj\u00e4nar dig sj\u00e4lv. <\/p>\n\n\n\n<p>Efter att du registrerat dig p\u00e5 https:\/\/eggshop.molnet.fi\/ s\u00e5 kan du beg\u00e4ra en d\u00f6rrkod som g\u00f6r att du kan \u00f6ppna d\u00f6rren till kiosken.<\/p>\n\n\n\n<p>V\u00e4l inne i kiosken v\u00e4ljer du varorna du v\u00e4ljer &#8220;P\u00e5b\u00f6rja ink\u00f6p&#8221; i appen. Efter detta s\u00e5 kan du antingen scanna QR koden med telefonens kamera eller angen antal av produkterna. Efter detta v\u00e4ljer du Betal och f\u00f6ljer sedan instruktionerna i appen.<\/p>\n","protected":false},"excerpt":{"rendered":"<p>Hur fungerar det? \u00c4ggoden \u00e4r en obemannad kiosk d\u00e4r du betj\u00e4nar dig sj\u00e4lv. Efter att du registrerat dig p\u00e5 https:\/\/eggshop.molnet.fi\/ s\u00e5 kan du beg\u00e4ra en d\u00f6rrkod som g\u00f6r att du kan \u00f6ppna d\u00f6rren till kiosken. V\u00e4l inne i kiosken v\u00e4ljer du varorna du v\u00e4ljer &#8220;P\u00e5b\u00f6rja ink\u00f6p&#8221; i appen. Efter detta [&hellip;]<\/p>\n","protected":false},"author":1,"featured_media":28,"parent":0,"menu_order":0,"comment_status":"closed","ping_status":"closed","template":"","meta":{"_monsterinsights_skip_tracking":false,"_monsterinsights_sitenote_active":false,"_monsterinsights_sitenote_note":"","_monsterinsights_sitenote_category":0,"footnotes":""},"class_list":["post-59","page","type-page","status-publish","has-post-thumbnail","hentry"],"_links":{"self":[{"href":"https:\/\/www.aggboden.fi\/index.php?rest_route=\/wp\/v2\/pages\/59","targetHints":{"allow":["GET"]}}],"collection":[{"href":"https:\/\/www.aggboden.fi\/index.php?rest_route=\/wp\/v2\/pages"}],"about":[{"href":"https:\/\/www.aggboden.fi\/index.php?rest_route=\/wp\/v2\/types\/page"}],"author":[{"embeddable":true,"href":"https:\/\/www.aggboden.fi\/index.php?rest_route=\/wp\/v2\/users\/1"}],"replies":[{"embeddable":true,"href":"https:\/\/www.aggboden.fi\/index.php?rest_route=%2Fwp%2Fv2%2Fcomments&post=59"}],"version-history":[{"count":1,"href":"https:\/\/www.aggboden.fi\/index.php?rest_route=\/wp\/v2\/pages\/59\/revisions"}],"predecessor-version":[{"id":60,"href":"https:\/\/www.aggboden.fi\/index.php?rest_route=\/wp\/v2\/pages\/59\/revisions\/60"}],"wp:featuredmedia":[{"embeddable":true,"href":"https:\/\/www.aggboden.fi\/index.php?rest_route=\/wp\/v2\/media\/28"}],"wp:attachment":[{"href":"https:\/\/www.aggboden.fi\/index.php?rest_route=%2Fwp%2Fv2%2Fmedia&parent=59"}],"curies":[{"name":"wp","href":"https:\/\/api.w.org\/{rel}","templated":true}]}}